97. What is the tens digit of m?
3
Let m(t) = t**3 - 6*t**2 + 5*t. Let x be m(5). Suppose -h + 5*r + 148 = x, 4*h - 6*r = -4*r + 610. What is the hundreds digit of h?
1
Suppose 0 = 4*g - 2*w - 2459 - 3703, -w = g - 1542. What is the thousands digit of g?
1
Let g = -587 - -1918. What is the tens digit of g?
3
Let x = 1573 + 1317. What is the thousands digit of x?
2
Suppose 0*p = -2*p + 26. Suppose -8*r + 9*r = -p. Let b(t) = -2*t. What is the tens digit of b(r)?
2
Let k = -14 + 15. Let r be (3 - (7 + 0)) + k. What is the tens digit of 120*r/((-15)/2)?
4
Let y(s) = 3 + 62*s**2 + 11*s + 12 - 61*s**2. What is the units digit of y(-14)?
7
Suppose 2*p - 4612 = 2*v, 2322 = p - v - 4*v. What is the hundreds digit of p?
3
Let f = -213 - -235. What is the tens digit of f?
2
Let p(j) be the second derivative of 5*j**4/12 + 4*j**3/3 - 5*j**2/2 - 11*j. What is the tens digit of p(4)?
0
Let b(f) = 27*f + 1823. What is the tens digit of b(0)?
2
Let z(p) = p**3 - 14*p**2 - 16*p + 17. Let k be z(15). Suppose -2*o - k*o = -156. What is the tens digit of o?
3
Let h be -2 + 4 + (443 - -2). Suppose 3*v - 340 = -g, 0 = 2*v + 2*v - 5*g - h. What is the hundreds digit of v?
1
Let j(b) = -47*b - 2. What is the units digit of j(-6)?
0
Suppose 13*g - 18144 = 4*g. What is the tens digit of g?
1
Let i(h) = 201*h**2 + 13*h - 16. What is the thousands digit of i(3)?
1
Let g = 130 - 110. Suppose -3*a = -3, -5*z - 6*a + 93 = -3*a. Suppose g = u - z. What is the tens digit of u?
3
Let p = 79 - -561. Suppose 6*d + 504 = 3*f + 9*d, 4*d + p = 4*f. What is the hundreds digit of f?
1
Suppose 0 = 5*f - 4*f - 2*o - 10, 5 = -o. Let q be f*(0 - -2)/(-4). Suppose q*s - s = -30. What is the tens digit of s?
3
Let r(v) = 173*v**3 + v**2 + v - 1. Let y be r(1). Let l = -32 + y. Suppose -5*g - 2*s = -l, -2*g - 2*g + 109 = -3*s. What is the tens digit of g?
2
What is the hundreds digit of 7*(-145)/14*480/(-100)?
3
Let n(i) = i**2 + 3*i - 6. What is the units digit of n(6)?
8
Suppose -20*i = -1207 - 13013. What is the tens digit of i?
1
Suppose -3*i + 3*w = -21, w = -3*i - 2*w + 3. Let c be 6/i*912/18. What is the tens digit of (12/24)/(1/c)?
3
Let v(s) = s + 3. Let l be v(3). Let k = l + -4. Suppose 0 = -4*m - k*m + 252. What is the units digit of m?
2
Let b = 9334 + -4431. What is the thousands digit of b?
4
Suppose 3*h + 0*h + 6 = 0. Let f be (-3)/h - (-14)/28. Suppose f*y - 29 = y. What is the units digit of y?
9
Let t = 40 - 22. Suppose 12 = 4*o + 4*z - 16, 0 = 4*o + 2*z - t. What is the units digit of o?
2
Suppose -2*u - 13 = 43. Let f be 8/u + 90/21. Suppose -x = -3*w + f*x + 62, 3*x - 78 = -3*w. What is the units digit of w?
4
Let u(x) = -x**3 + 10*x**2 + 8. Let l be u(10). Let d be l/(-3)*(-3)/2. Suppose 0 = -3*o + 3*g + 63, -d*o - 3*g = g - 52. What is the tens digit of o?
1
Let q(j) = -j**2 - 2*j + 5. Let m be q(-4). Let a = 13 - m. Let i(c) = c**3 - 15*c**2 - 14*c - 4. What is the units digit of i(a)?
8
Suppose -13500 = 26*s - 30*s. What is the hundreds digit of s?
3
Suppose 0*m - m = 2, 0 = 3*p + m - 3619. What is the thousands digit of p?
1
Let g = 462 - 50. What is the hundreds digit of g?
4
Suppose 5*t - 2*z + 0*z = 19, z - 4 = -2*t. Suppose -5*c + 25 = t*k, 4*c = -k + 3 + 10. Suppose 5 = -c*g + 17. What is the units digit of g?
6
Suppose 0 = -2*h - h + 60. Let y = h + -16. What is the units digit of (1 - (4 - y)) + 10?
1
Let w(t) = 27*t**2 + 6*t - 34. What is the tens digit of w(-5)?
1
Let m(j) = -11*j + 214. What is the tens digit of m(-44)?
9
Let t(p) = 4*p**3 - 2*p**2 + 2*p - 1. Let l be t(1). Let o be (-1)/(l - (-296)/(-98)). Let r = o - 7. What is the units digit of r?
2
Let i be (-18)/4*36/(-81). Suppose 5*j + 157 = -3*n - 0*n, -2*n + i*j - 126 = 0. Let q = -34 - n. What is the units digit of q?
5
Suppose 4*a = -127 - 125. Let x(c) = c**3 + 3*c + 4. Let i be x(-3). Let t = i - a. What is the tens digit of t?
3
Let y(s) = 5*s - 3. Suppose -p = -4*a - 0 - 11, -3*p - 5*a + 16 = 0. What is the units digit of y(p)?
2
Let n(g) = -g**2 + 2*g + 3. Let y be n(0). Suppose -8*d + y*d = -185. What is the tens digit of d + -8 + 2 + -1?
3
Let n be (-2 + 16/3)*(-45)/(-10). Let l(x) = -x**2 + 20*x - 31. What is the units digit of l(n)?
4
Suppose -296*x = -293*x - 675. What is the tens digit of x?
2
Let z = -7 + 2. Let q = z - -10. Suppose 0*b - 50 = -j - 4*b, -q*j - b = -326. What is the units digit of j?
6
Let u = 1701 - 1613. What is the units digit of u?
8
Let c be (235/(-5))/(1/(-3)). What is the units digit of (1927/c)/(10/(-12) + 1)?
2
Suppose 26*c - 364 = 2834. What is the hundreds digit of c?
1
Suppose -11*q + 3216 = -645. What is the units digit of q?
1
Let g(k) = -k. Let s(t) = -2*t - 2. Let p(u) = 5*g(u) + 5*s(u). What is the units digit of p(-3)?
5
What is the units digit of -2*(-12904)/20*(-15)/(-6)?
6
Let u be 1 - -2 - (-8 + 5). Suppose u = 3*t - 2*s - 9, 15 = t - 4*s. Suppose -t*m - 2*m = -70. What is the units digit of m?
4
Let w be 2/2*-2 + 7. Suppose 0 = -n - w*n + 264. What is the tens digit of n?
4
Let k(t) = 2*t**3 + 11*t**2 + 3*t - 1. Let v(x) = -2*x**3 - 10*x**2 - 4*x + 1. Let o(r) = 2*k(r) + 3*v(r). What is the tens digit of o(-6)?
8
Let v(n) = -n**3 - n**2 + n - 1. Let w(f) = 4*f**3 + 2. Let d(c) = -v(c) - w(c). Let y be ((-2)/(1 + 1))/1. What is the units digit of d(y)?
4
Let o = -850 - -1434. What is the units digit of o?
4
Suppose 16*w - 35 = 21*w. What is the tens digit of (-941)/(-4) + w - 1/4?
2
Let x = 37 + -28. Let p(n) = -n**3 + 10*n**2 - 8*n - 8. What is the units digit of p(x)?
1
Suppose 0 = 2*j + 6, 3*j - 695 = -2*h - 0*j. What is the tens digit of h?
5
Suppose 0*k - 5 = k. Let f be (-7)/(70/12)*k. Suppose -f*j + 116 = -2*j. What is the units digit of j?
9
Let y(l) = -9*l - 2*l + 5*l + 8*l + 4. Let d be y(-2). What is the units digit of (d + -2 + -2)*-2?
8
Let i(s) = -s**3 - 5*s**2 - s + 10. Let x be -2 + 2 + -4 + -2. What is the units digit of i(x)?
2
Let w be (-24)/(-132) - (-1610)/(-22). Let j = w - -180. What is the tens digit of j?
0
Let d(s) = 8*s**2 - 7*s**2 + 6 - 2*s - s - 14. Let p be d(9). Suppose p + 2 = 4*i. What is the units digit of i?
2
Let k(j) = -6*j**2 - 1. Let l be k(1). Let r(d) be the first derivative of -d**2/2 - 3*d + 4. What is the units digit of r(l)?
4
Let r = -555 + 950. What is the hundreds digit of r?
3
Suppose 0 = -6*c + 8*c - 8. Let g be (0/(-1))/(0 + c). Suppose 0 = 3*u - g*u - 9. What is the units digit of u?
3
Suppose -4*x + 399 = -337. Suppose 2*r - 6*r = -x. Suppose 3*o = o + r. What is the tens digit of o?
2
Suppose 4*u = 9*o - 6*o - 535, -3*o + 5*u = -536. Let h = o - 51. What is the tens digit of h?
2
Let x(i) = 2*i**2 + i - 36. What is the units digit of x(-9)?
7
Suppose 59*j - 49*j = 6560. What is the hundreds digit of j?
6
Suppose 3*k - 5*k = 2*n - 508, 4*k = -3*n + 761. Suppose -3*t + n = 2*t. What is the units digit of t?
1
Suppose 0 = 8*i - 4*i + 4*r - 2580, 5*r + 1951 = 3*i. Suppose i = 5*w - 718. What is the hundreds digit of w?
2
Suppose 0 = i + f - 327, i + 3*f = -3*i + 1306. What is the tens digit of i?
2
Let c(i) = -13*i - 55. What is the hundreds digit of c(-37)?
4
Suppose 5*r = 20, 4*r = -4*c + 3*r + 2064. What is the tens digit of c?
1
Suppose h + 3*i + 8 = -6, 4*h + 2*i + 6 = 0. What is the hundreds digit of (155 + -2 + h)*1?
1
Suppose 0 = -k - 5*b - 76 + 261, -3*k = -3*b - 645. Let v = -50 + k. What is the hundreds digit of v?
1
Let b be (1/2 + -3)/((-1)/(-24)). What is the hundreds digit of 1 - 903/(-5) - (-36)/b?
1
Let f be (12/(-8))/(-3)*34*13. Suppose f = 5*v + 41. What is the units digit of v?
6
What is the units digit of -1*6904/(-36) + 12/54?
2
Let h = -828 + 1359. What is the units digit of h?
1
Suppose 375 = 6*w - 3*w + 5*g, 526 = 4*w - 2*g. What is the hundreds digit of w?
1
Suppose 0 = 3*o + 382 - 1117. What is the hundreds digit of o?
2
Let p = -122 + 127. Suppose -4*a - 3*c + 713 = 0, -2*a + p*c + 13 = -376. What is the hundreds digit of a?
1
Suppose 16*s - 18 = -2*s. Let v be -1*(-2 + 1) - -1. Suppose 0 = -4*x + 5*f + 47, x - v*f + s = -5*f. What is the units digit of x?
8
Let o(c) = 0 - 1 - 2*c - 1 + 3. What is the tens digit of o(-16)?
3
Suppose 3*w - 3*h + 0*h = -21, -25 = 3*w - 5*h. Let u = -3 - w. What is the tens digit of ((-6)/(-4))/(u/20)?
1
Suppose -311*u = -328*u + 